{"id":1259,"date":"2024-10-07T17:08:38","date_gmt":"2024-10-07T17:08:38","guid":{"rendered":"https:\/\/tydee.com.co\/?page_id=1259"},"modified":"2025-11-04T18:04:37","modified_gmt":"2025-11-04T18:04:37","slug":"blog-de-legislacion-adunera","status":"publish","type":"page","link":"https:\/\/tydee.com.co\/index.php\/blog-de-legislacion-adunera\/","title":{"rendered":"Blog."},"content":{"rendered":"\t\t<div data-elementor-type=\"wp-page\" data-elementor-id=\"1259\" class=\"elementor elementor-1259\">\n\t\t\t\t<div class=\"elementor-element elementor-element-502e3a4 e-con-full e-flex e-con e-parent\" data-id=\"502e3a4\" data-element_type=\"container\" data-settings=\"{&quot;background_background&quot;:&quot;classic&quot;,&quot;position&quot;:&quot;fixed&quot;}\">\n\t\t\t\t<div class=\"elementor-element elementor-element-5b06122 elementor-widget elementor-widget-text-editor\" data-id=\"5b06122\" data-element_type=\"widget\" data-widget_type=\"text-editor.default\">\n\t\t\t\t<div class=\"elementor-widget-container\">\n\t\t\t\t\t\t\t<p>\u00abConoce m\u00e1s en\u00a0nuestro <a href=\"https:\/\/tydee.com.co\/index.php\/2022\/08\/29\/plan-vallejo-asesoria-gratuita-en-tydee\/\">Blog de legislaci\u00f3n aduanera,<\/a> comercio exterior y las mejores pr\u00e1cticas para optimizar tus operaciones internacionales. Este contenido es un valor fundamental que ofrecemos a nuestros visitantes. En un mundo cada vez m\u00e1s globalizado, comprender las normativas que rigen el comercio internacional es esencial para cualquier empresa que busque expandir sus horizontes en el vasto \u00e1mbito de la comercializaci\u00f3n.<\/p><p>La legislaci\u00f3n aduanera no solo regula el movimiento de mercanc\u00edas a trav\u00e9s de las fronteras, sino que tambi\u00e9n establece las bases para asegurar que las transacciones comerciales se realicen de manera legal y eficiente. A trav\u00e9s de nuestra plataforma, proporcionamos recursos que te ayudar\u00e1n a navegar por estas normativas, desde la clasificaci\u00f3n arancelaria hasta los requisitos de documentaci\u00f3n necesarios para evitar contratiempos.<\/p><p>Adem\u00e1s,\u00a0 en nuestro\u00a0Blog de legislaci\u00f3n aduanera compartimos las mejores pr\u00e1cticas en comercio exterior que pueden ser decisivas para optimizar tus operaciones. Esto incluye estrategias efectivas para la gesti\u00f3n de la cadena de suministro, consejos sobre c\u00f3mo reducir costos en los tr\u00e1mites aduaneros, y formas de minimizar riesgos legales. La implementaci\u00f3n de estas pr\u00e1cticas puede traducirse en un aumento significativo en la eficiencia operativa de tu negocio y en una mejor rentabilidad.<\/p><p>Mantenerse actualizado es vital, por lo que nuestro\u00a0Blog de legislaci\u00f3n aduanera te ofrece informaci\u00f3n sobre las tendencias y cambios en la legislaci\u00f3n internacional, ya que estos pueden afectar directamente tus operaciones.A trav\u00e9s de art\u00edculos, gu\u00edas y seminarios web, nuestro objetivo es empoderarte con el conocimiento necesario para tomar decisiones informadas. En nuestro Blog de legislaci\u00f3n aduanera, encontrar\u00e1s informaci\u00f3n actualizada y recursos valiosos que te ayudar\u00e1n a comprender mejor las normativas, facilitando as\u00ed tus operaciones en el comercio internacional.<\/p><p>Nuestro compromiso es garantizar que est\u00e9s al tanto de cualquier cambio que pueda llegar a impactar tu negocio o emprendimiento.\u00a0<\/p><p>i<a href=\"https:\/\/www.instagram.com\/\">nformadas.<\/a><\/p>\t\t\t\t\t\t<\/div>\n\t\t\t\t<\/div>\n\t\t\t\t<\/div>\n\t\t<div class=\"elementor-element elementor-element-b990922 e-con-full e-flex e-con e-parent\" data-id=\"b990922\" data-element_type=\"container\">\n\t\t\t\t<div class=\"elementor-element elementor-element-701f1a6 elementor-widget elementor-widget-heading\" data-id=\"701f1a6\" data-element_type=\"widget\" data-widget_type=\"heading.default\">\n\t\t\t\t<div class=\"elementor-widget-container\">\n\t\t\t<h2 class=\"elementor-heading-title elementor-size-default\">entradas en legislaci\u00f3n aduanera<\/h2>\t\t<\/div>\n\t\t\t\t<\/div>\n\t\t\t\t<\/div>\n\t\t\t\t<\/div>\n\t\t","protected":false},"excerpt":{"rendered":"<p>\u00abConoce m\u00e1s en\u00a0nuestro Blog de legislaci\u00f3n aduanera, comercio exterior y las mejores pr\u00e1cticas para optimizar tus operaciones internacionales. Este contenido es un valor fundamental que ofrecemos a nuestros visitantes. En un mundo cada vez m\u00e1s globalizado, comprender las normativas que rigen el comercio internacional es esencial para cualquier empresa que busque expandir sus horizontes en [&hellip;]<\/p>\n","protected":false},"author":3,"featured_media":0,"parent":0,"menu_order":0,"comment_status":"closed","ping_status":"closed","template":"tydee-comunidad","meta":{"footnotes":""},"yoast_head":"<!-- This site is optimized with the Yoast SEO plugin v23.3 - https:\/\/yoast.com\/wordpress\/plugins\/seo\/ -->\n<title>Blog de legislaci\u00f3n adunera<\/title>\n<meta name=\"description\" content=\"Blog de legislaci\u00f3n adunera y comercio exterior. Mejora tus operaciones internacionales con nuestras mejores pr\u00e1cticas y recursos utiles.\" \/>\n<meta name=\"robots\" content=\"index, follow, max-snippet:-1, max-image-preview:large, max-video-preview:-1\" \/>\n<link rel=\"canonical\" href=\"https:\/\/tydee.com.co\/index.php\/blog-de-legislacion-adunera\/\" \/>\n<meta property=\"og:locale\" content=\"es_ES\" \/>\n<meta property=\"og:type\" content=\"article\" \/>\n<meta property=\"og:title\" content=\"Blog de legislaci\u00f3n adunera\" \/>\n<meta property=\"og:description\" content=\"Blog de legislaci\u00f3n adunera y comercio exterior. Mejora tus operaciones internacionales con nuestras mejores pr\u00e1cticas y recursos utiles.\" \/>\n<meta property=\"og:url\" content=\"https:\/\/tydee.com.co\/index.php\/blog-de-legislacion-adunera\/\" \/>\n<meta property=\"og:site_name\" content=\"Tr\u00e1mites y Defensa en Exportaci\u00f3n - Servicios legales\" \/>\n<meta property=\"article:modified_time\" content=\"2025-11-04T18:04:37+00:00\" \/>\n<meta name=\"twitter:card\" content=\"summary_large_image\" \/>\n<meta name=\"twitter:label1\" content=\"Tiempo de lectura\" \/>\n\t<meta name=\"twitter:data1\" content=\"2 minutos\" \/>\n<script type=\"application\/ld+json\" class=\"yoast-schema-graph\">{\"@context\":\"https:\/\/schema.org\",\"@graph\":[{\"@type\":\"WebPage\",\"@id\":\"https:\/\/tydee.com.co\/index.php\/blog-de-legislacion-adunera\/\",\"url\":\"https:\/\/tydee.com.co\/index.php\/blog-de-legislacion-adunera\/\",\"name\":\"Blog de legislaci\u00f3n adunera\",\"isPartOf\":{\"@id\":\"https:\/\/tydee.com.co\/#website\"},\"datePublished\":\"2024-10-07T17:08:38+00:00\",\"dateModified\":\"2025-11-04T18:04:37+00:00\",\"description\":\"Blog de legislaci\u00f3n adunera y comercio exterior. Mejora tus operaciones internacionales con nuestras mejores pr\u00e1cticas y recursos utiles.\",\"breadcrumb\":{\"@id\":\"https:\/\/tydee.com.co\/index.php\/blog-de-legislacion-adunera\/#breadcrumb\"},\"inLanguage\":\"es\",\"potentialAction\":[{\"@type\":\"ReadAction\",\"target\":[\"https:\/\/tydee.com.co\/index.php\/blog-de-legislacion-adunera\/\"]}]},{\"@type\":\"BreadcrumbList\",\"@id\":\"https:\/\/tydee.com.co\/index.php\/blog-de-legislacion-adunera\/#breadcrumb\",\"itemListElement\":[{\"@type\":\"ListItem\",\"position\":1,\"name\":\"Portada\",\"item\":\"https:\/\/tydee.com.co\/\"},{\"@type\":\"ListItem\",\"position\":2,\"name\":\"Blog.\"}]},{\"@type\":\"WebSite\",\"@id\":\"https:\/\/tydee.com.co\/#website\",\"url\":\"https:\/\/tydee.com.co\/\",\"name\":\"Tydee\",\"description\":\"Asesor\u00eda jur\u00eddica especializada para exportadores e importadores que buscan cumplimiento, eficiencia y crecimiento internacional.\",\"publisher\":{\"@id\":\"https:\/\/tydee.com.co\/#organization\"},\"potentialAction\":[{\"@type\":\"SearchAction\",\"target\":{\"@type\":\"EntryPoint\",\"urlTemplate\":\"https:\/\/tydee.com.co\/?s={search_term_string}\"},\"query-input\":\"required name=search_term_string\"}],\"inLanguage\":\"es\"},{\"@type\":\"Organization\",\"@id\":\"https:\/\/tydee.com.co\/#organization\",\"name\":\"Tydee\",\"url\":\"https:\/\/tydee.com.co\/\",\"logo\":{\"@type\":\"ImageObject\",\"inLanguage\":\"es\",\"@id\":\"https:\/\/tydee.com.co\/#\/schema\/logo\/image\/\",\"url\":\"http:\/\/tydee.com.co\/wp-content\/uploads\/2024\/08\/tydeelogo.png\",\"contentUrl\":\"http:\/\/tydee.com.co\/wp-content\/uploads\/2024\/08\/tydeelogo.png\",\"width\":1920,\"height\":1080,\"caption\":\"Tydee\"},\"image\":{\"@id\":\"https:\/\/tydee.com.co\/#\/schema\/logo\/image\/\"}}]}<\/script>\n<!-- \/ Yoast SEO plugin. -->","yoast_head_json":{"title":"Blog de legislaci\u00f3n adunera","description":"Blog de legislaci\u00f3n adunera y comercio exterior. Mejora tus operaciones internacionales con nuestras mejores pr\u00e1cticas y recursos utiles.","robots":{"index":"index","follow":"follow","max-snippet":"max-snippet:-1","max-image-preview":"max-image-preview:large","max-video-preview":"max-video-preview:-1"},"canonical":"https:\/\/tydee.com.co\/index.php\/blog-de-legislacion-adunera\/","og_locale":"es_ES","og_type":"article","og_title":"Blog de legislaci\u00f3n adunera","og_description":"Blog de legislaci\u00f3n adunera y comercio exterior. Mejora tus operaciones internacionales con nuestras mejores pr\u00e1cticas y recursos utiles.","og_url":"https:\/\/tydee.com.co\/index.php\/blog-de-legislacion-adunera\/","og_site_name":"Tr\u00e1mites y Defensa en Exportaci\u00f3n - Servicios legales","article_modified_time":"2025-11-04T18:04:37+00:00","twitter_card":"summary_large_image","twitter_misc":{"Tiempo de lectura":"2 minutos"},"schema":{"@context":"https:\/\/schema.org","@graph":[{"@type":"WebPage","@id":"https:\/\/tydee.com.co\/index.php\/blog-de-legislacion-adunera\/","url":"https:\/\/tydee.com.co\/index.php\/blog-de-legislacion-adunera\/","name":"Blog de legislaci\u00f3n adunera","isPartOf":{"@id":"https:\/\/tydee.com.co\/#website"},"datePublished":"2024-10-07T17:08:38+00:00","dateModified":"2025-11-04T18:04:37+00:00","description":"Blog de legislaci\u00f3n adunera y comercio exterior. Mejora tus operaciones internacionales con nuestras mejores pr\u00e1cticas y recursos utiles.","breadcrumb":{"@id":"https:\/\/tydee.com.co\/index.php\/blog-de-legislacion-adunera\/#breadcrumb"},"inLanguage":"es","potentialAction":[{"@type":"ReadAction","target":["https:\/\/tydee.com.co\/index.php\/blog-de-legislacion-adunera\/"]}]},{"@type":"BreadcrumbList","@id":"https:\/\/tydee.com.co\/index.php\/blog-de-legislacion-adunera\/#breadcrumb","itemListElement":[{"@type":"ListItem","position":1,"name":"Portada","item":"https:\/\/tydee.com.co\/"},{"@type":"ListItem","position":2,"name":"Blog."}]},{"@type":"WebSite","@id":"https:\/\/tydee.com.co\/#website","url":"https:\/\/tydee.com.co\/","name":"Tydee","description":"Asesor\u00eda jur\u00eddica especializada para exportadores e importadores que buscan cumplimiento, eficiencia y crecimiento internacional.","publisher":{"@id":"https:\/\/tydee.com.co\/#organization"},"potentialAction":[{"@type":"SearchAction","target":{"@type":"EntryPoint","urlTemplate":"https:\/\/tydee.com.co\/?s={search_term_string}"},"query-input":"required name=search_term_string"}],"inLanguage":"es"},{"@type":"Organization","@id":"https:\/\/tydee.com.co\/#organization","name":"Tydee","url":"https:\/\/tydee.com.co\/","logo":{"@type":"ImageObject","inLanguage":"es","@id":"https:\/\/tydee.com.co\/#\/schema\/logo\/image\/","url":"http:\/\/tydee.com.co\/wp-content\/uploads\/2024\/08\/tydeelogo.png","contentUrl":"http:\/\/tydee.com.co\/wp-content\/uploads\/2024\/08\/tydeelogo.png","width":1920,"height":1080,"caption":"Tydee"},"image":{"@id":"https:\/\/tydee.com.co\/#\/schema\/logo\/image\/"}}]}},"jetpack_sharing_enabled":true,"_links":{"self":[{"href":"https:\/\/tydee.com.co\/index.php\/wp-json\/wp\/v2\/pages\/1259"}],"collection":[{"href":"https:\/\/tydee.com.co\/index.php\/wp-json\/wp\/v2\/pages"}],"about":[{"href":"https:\/\/tydee.com.co\/index.php\/wp-json\/wp\/v2\/types\/page"}],"author":[{"embeddable":true,"href":"https:\/\/tydee.com.co\/index.php\/wp-json\/wp\/v2\/users\/3"}],"replies":[{"embeddable":true,"href":"https:\/\/tydee.com.co\/index.php\/wp-json\/wp\/v2\/comments?post=1259"}],"version-history":[{"count":159,"href":"https:\/\/tydee.com.co\/index.php\/wp-json\/wp\/v2\/pages\/1259\/revisions"}],"predecessor-version":[{"id":2016,"href":"https:\/\/tydee.com.co\/index.php\/wp-json\/wp\/v2\/pages\/1259\/revisions\/2016"}],"wp:attachment":[{"href":"https:\/\/tydee.com.co\/index.php\/wp-json\/wp\/v2\/media?parent=1259"}],"curies":[{"name":"wp","href":"https:\/\/api.w.org\/{rel}","templated":true}]}}